e the remainder when 414 is divided by 15.
9
What is the remainder when 386 is divided by 90?
26
What is the remainder when 255 is divided by 26?
21
Calculate the remainder when 637 is divided by 64.
61
Calculate the remainder when 2479 is divided by 146.
143
What is the remainder when 1418 is divided by 1406?
12
What is the remainder when 1987 is divided by 986?
15
Calculate the remainder when 927 is divided by 177.
42
What is the remainder when 430 is divided by 15?
10
Calculate the remainder when 130 is divided by 20.
10
Calculate the remainder when 31 is divided by 24.
7
Calculate the remainder when 1301 is divided by 54.
5
What is the remainder when 823 is divided by 15?
13
What is the remainder when 41 is divided by 4?
1
Calculate the remainder when 46 is divided by 10.
6
Calculate the remainder when 112 is divided by 13.
8
Calculate the remainder when 368 is divided by 41.
40
Calculate the remainder when 6311 is divided by 14.
11
Calculate the remainder when 87 is divided by 71.
16
What is the remainder when 395 is divided by 20?
15
Calculate the remainder when 917 is divided by 238.
203
Calculate the remainder when 8 is divided by 5.
3
What is the remainder when 222 is divided by 33?
24
What is the remainder when 152 is divided by 11?
9
Calculate the remainder when 89 is divided by 48.
41
What is the remainder when 239 is divided by 82?
75
What is the remainder when 303 is divided by 17?
14
What is the remainder when 95 is divided by 88?
7
Calculate the remainder when 112 is divided by 17.
10
Calculate the remainder when 822 is divided by 15.
12
What is the remainder when 390 is divided by 78?
0
Calculate the remainder when 42 is divided by 37.
5
Calculate the remainder when 389 is divided by 103.
80
Calculate the remainder when 373 is divided by 373.
0
What is the remainder when 2768 is divided by 71?
70
What is the remainder when 320 is divided by 29?
1
What is the remainder when 1339 is divided by 79?
75
What is the remainder when 178 is divided by 55?
13
Calculate the remainder when 3730 is divided by 19.
6
What is the remainder when 2824 is divided by 157?
155
What is the remainder when 38 is divided by 4?
2
What is the remainder when 64 is divided by 31?
2
What is the remainder when 457 is divided by 42?
37
What is the remainder when 160 is divided by 74?
12
Calculate the remainder when 190 is divided by 62.
4
What is the remainder when 1226 is divided by 154?
148
Calculate the remainder when 1866 is divided by 24.
18
Calculate the remainder when 1100 is divided by 182.
8
What is the remainder when 1737 is divided by 453?
378
What is the remainder when 88 is divided by 13?
10
What is the remainder when 89 is divided by 27?
8
What is the remainder when 695 is divided by 175?
170
Calculate the remainder when 141 is divided by 37.
30
Calculate the remainder when 389 is divided by 39.
38
Calculate the remainder when 12817 is divided by 17.
16
Calculate the remainder when 331 is divided by 22.
1
Calculate the remainder when 107 is divided by 32.
11
What is the remainder when 215 is divided by 121?
94
What is the remainder when 11302 is divided by 12?
10
What is the remainder when 71 is divided by 39?
32
What is the remainder when 256 is divided by 36?
4
What is the remainder when 1609 is divided by 49?
41
Calculate the remainder when 1692 is divided by 6.
0
Calculate the remainder when 522 is divided by 4.
2
Calculate the remainder when 52450 is divided by 279.
277
Calculate the remainder when 112 is divided by 43.
26
What is the remainder when 121 is divided by 2?
1
What is the remainder when 53 is divided by 8?
5
Calculate the remainder when 997 is divided by 100.
97
What is the remainder when 2852 is divided by 7?
3
Calculate the remainder when 551 is divided by 43.
35
Calculate the remainder when 432 is divided by 93.
60
Calculate the remainder when 333 is divided by 114.
105
Calculate the remainder when 1247 is divided by 37.
26
What is the remainder when 563 is divided by 179?
26
Calculate the remainder when 54 is divided by 8.
6
What is the remainder when 155 is divided by 12?
11
What is the remainder when 214 is divided by 104?
6
What is the remainder when 464 is divided by 96?
80
Calculate the remainder when 207 is divided by 31.
21
Calculate the remainder when 310 is divided by 154.
2
What is the remainder when 4556 is divided by 147?
146
Calculate the remainder when 4208 is divided by 1392.
32
Calculate the remainder when 604 is divided by 35.
9
Calculate the remainder when 153 is divided by 24.
9
Calculate the remainder when 494 is divided by 123.
2
What is the remainder when 2325 is divided by 12?
9
What is the remainder when 312 is divided by 79?
75
What is the remainder when 36 is divided by 22?
14
What is the remainder when 1360 is divided by 60?
40
What is the remainder when 1511 is divided by 72?
71
What is the remainder when 1588 is divided by 528?
4
What is the remainder when 249 is divided by 51?
45
Calculate the remainder when 69 is divided by 6.
3
What is the remainder when 164 is divided by 56?
52
What is the remainder when 589 is divided by 168?
85
What is the remainder when 187 is divided by 97?
90
What is the remainder when 43 is divided by 32?
11
Calculate the remainder when 4255 is divided by 531.
7
Calculate the remainder when 14 is divided by 3.
2
Calculate the remainder when 392 is divided by 111.
59
Calculate the remainder when 20647 is divided by 29.
28
Calculate the remainder when 209 is divided by 14.
13
Calculate the remainder when 158 is divided by 56.
46
What is the remainder when 142 is divided by 82?
60
Calculate the remainder when 61 is divided by 8.
5
What is the remainder when 16 is divided by 9?
7
What is the remainder when 389 is divided by 5?
4
Calculate the remainder when 74 is divided by 32.
10
What is the remainder when 595 is divided by 23?
20
Calculate the remainder when 12443 is divided by 36.
23
What is the remainder when 68 is divided by 14?
12
Calculate the remainder when 333 is divided by 42.
39
What is the remainder when 998 is divided by 987?
11
Calculate the remainder when 298 is divided by 13.
12
Calculate the remainder when 1208 is divided by 28.
4
What is the remainder when 178 is divided by 42?
10
What is the remainder when 145 is divided by 16?
1
Calculate the remainder when 383 is divided by 97.
92
What is the remainder when 1859 is divided by 67?
50
Calculate the remainder when 1632 is divided by 126.
120
What is the remainder when 332 is divided by 120?
92
Calculate the remainder when 7129 is divided by 155.
154
Calculate the remainder when 517 is divided by 176.
165
What is the remainder when 3216 is divided by 111?
108
What is the remainder when 8075 is divided by 15?
5
Calculate the remainder when 513 is divided by 82.
21
Calculate the remainder when 1417 is divided by 131.
107
What is the remainder when 897 is divided by 3?
0
Calculate the remainder when 327 is divided by 293.
34
Calculate the remainder when 1247 is divided by 399.
50
What is the remainder when 823 is divided by 59?
56
Calculate the remainder when 98 is divided by 22.
10
What is the remainder when 177 is divided by 45?
42
Calculate the remainder when 138 is divided by 14.
12
What is the remainder when 76 is divided by 27?
22
Calculate the remainder when 1034 is divided by 269.
227
Calculate the remainder when 137 is divided by 17.
1
Calculate the remainder when 3090 is divided by 3084.
6
Calculate the remainder when 1939 is divided by 46.
7
What is the remainder when 680 is divided by 675?
5
What is the remainder when 3082 is divided by 190?
42
Calculate the remainder when 32 is divided by 16.
0
Calculate the remainder when 2116 is divided by 21.
16
Calculate the remainder when 193 is divided by 7.
4
Calculate the remainder when 27101 is divided by 22.
19
What is the remainder when 1217 is divided by 10?
7
What is the remainder when 21424 is divided by 44?
40
What is the remainder when 14045 is divided by 23?
15
What is the remainder when 186 is divided by 50?
36
Calculate the remainder when 45 is divided by 5.
0
Calculate the remainder when 18 is divided by 18.
0
Calculate the remainder when 14990 is divided by 126.
122
What is the remainder when 121 is divided by 74?
47
What is the remainde